hen 1984499 is divided by 27?
26
What is the remainder when 6264 is divided by 1591?
1491
What is the remainder when 11787741 is divided by 75?
66
Calculate the remainder when 12984 is divided by 3974.
1062
What is the remainder when 53111985 is divided by 38348?
5
What is the remainder when 108473 is divided by 1188?
365
What is the remainder when 22028 is divided by 989?
270
What is the remainder when 283926 is divided by 249?
66
Calculate the remainder when 2565614 is divided by 855204.
2
Calculate the remainder when 4297293 is divided by 140.
133
Calculate the remainder when 164626510 is divided by 82313254.
2
What is the remainder when 35990477 is divided by 79?
52
Calculate the remainder when 1426841 is divided by 236.
221
What is the remainder when 235573 is divided by 3740?
3693
What is the remainder when 374786 is divided by 16288?
162
Calculate the remainder when 5330824 is divided by 346.
2
Calculate the remainder when 364553655 is divided by 36455365.
5
Calculate the remainder when 3607075 is divided by 249.
61
What is the remainder when 846364 is divided by 423165?
34
What is the remainder when 525543 is divided by 104?
31
What is the remainder when 8557847 is divided by 167800?
47
What is the remainder when 59490092 is divided by 2960?
12
Calculate the remainder when 12812 is divided by 6367.
78
What is the remainder when 9650 is divided by 3378?
2894
What is the remainder when 256404747 is divided by 5250?
5247
Calculate the remainder when 420207 is divided by 82.
39
What is the remainder when 580806 is divided by 65?
31
Calculate the remainder when 19251796 is divided by 716.
704
Calculate the remainder when 247882 is divided by 121991.
3900
What is the remainder when 4345172 is divided by 263?
149
Calculate the remainder when 86176 is divided by 2329.
3
What is the remainder when 1743227 is divided by 205?
112
Calculate the remainder when 41936267 is divided by 88473.
65
What is the remainder when 2551936 is divided by 663?
49
What is the remainder when 1699892 is divided by 80944?
68
What is the remainder when 4893145 is divided by 4255?
4150
What is the remainder when 417464881 is divided by 628?
625
Calculate the remainder when 134228089 is divided by 42.
37
Calculate the remainder when 28415733 is divided by 19.
17
What is the remainder when 2666572 is divided by 57?
55
Calculate the remainder when 9915 is divided by 2288.
763
What is the remainder when 102217018 is divided by 60?
58
What is the remainder when 268306 is divided by 1972?
114
Calculate the remainder when 7271993 is divided by 661086.
47
Calculate the remainder when 20577 is divided by 1660.
657
Calculate the remainder when 3136077 is divided by 537.
534
What is the remainder when 26695 is divided by 10993?
4709
Calculate the remainder when 741416 is divided by 20024.
528
Calculate the remainder when 48897427 is divided by 643387.
15
Calculate the remainder when 713203 is divided by 999.
916
Calculate the remainder when 54280920 is divided by 18093634.
18
Calculate the remainder when 1354225 is divided by 115.
100
Calculate the remainder when 10195357 is divided by 1046.
1041
Calculate the remainder when 3139506 is divided by 51.
48
What is the remainder when 10698514 is divided by 9?
7
Calculate the remainder when 133834 is divided by 133618.
216
Calculate the remainder when 26975908 is divided by 17.
2
Calculate the remainder when 126513058 is divided by 12.
10
What is the remainder when 1616868 is divided by 10?
8
Calculate the remainder when 10119293 is divided by 5059643.
7
What is the remainder when 2270202 is divided by 12612?
42
What is the remainder when 11312075 is divided by 2753?
2751
Calculate the remainder when 17096 is divided by 4810.
2666
Calculate the remainder when 535698 is divided by 41.
33
Calculate the remainder when 46944521 is divided by 2636.
2633
What is the remainder when 3266170 is divided by 8145?
25
Calculate the remainder when 4357148 is divided by 200.
148
What is the remainder when 791641 is divided by 1024?
89
Calculate the remainder when 553736 is divided by 1904.
1576
Calculate the remainder when 1995 is divided by 1167.
828
Calculate the remainder when 140661 is divided by 2382.
123
What is the remainder when 13579622 is divided by 4311?
4283
What is the remainder when 1090129 is divided by 6729?
31
Calculate the remainder when 5853947 is divided by 3089.
292
Calculate the remainder when 35086 is divided by 5547.
1804
What is the remainder when 18318 is divided by 356?
162
Calculate the remainder when 6307912 is divided by 309.
295
Calculate the remainder when 677179 is divided by 307.
244
What is the remainder when 13868071 is divided by 97?
78
Calculate the remainder when 289327 is divided by 13.
12
What is the remainder when 34984964 is divided by 451?
443
Calculate the remainder when 32394836 is divided by 58.
38
Calculate the remainder when 3598364 is divided by 1909.
1808
Calculate the remainder when 4029638 is divided by 4029582.
56
What is the remainder when 45539727 is divided by 42?
9
Calculate the remainder when 17022481 is divided by 1134832.
1
Calculate the remainder when 14773 is divided by 4013.
2734
Calculate the remainder when 150067 is divided by 3661.
3627
Calculate the remainder when 4251656 is divided by 472404.
20
Calculate the remainder when 45829 is divided by 15137.
418
Calculate the remainder when 489857695 is divided by 20.
15
Calculate the remainder when 754980 is divided by 1704.
108
Calculate the remainder when 49729 is divided by 1774.
57
Calculate the remainder when 399747 is divided by 2082.
3
Calculate the remainder when 708098 is divided by 2157.
602
What is the remainder when 26078393 is divided by 444?
53
What is the remainder when 993498 is divided by 2036?
1966
Calculate the remainder when 116444425 is divided by 194.
193
What is the remainder when 636959 is divided by 30304?
575
What is the remainder when 5563405 is divided by 1801?
116
Calculate the remainder when 33646 is divided by 7991.
1682
What is the remainder when 32907 is divided by 31900?
1007
What is the remainder when 2521419 is divided by 26?
17
Calculate the remainder when 4733319 is divided by 1577765.
24
Calculate the remainder when 3180481 is divided by 121.
117
What is the remainder when 156222 is divided by 7438?
24
What is the remainder when 5562712 is divided by 1854224?
40
What is the remainder when 78537 is divided by 3279?
3120
What is the remainder when 1082948 is divided by 21?
20
Calculate the remainder when 14169959 is divided by 166.
33
What is the remainder when 15782 is divided by 11841?
3941
What is the remainder when 1022034 is divided by 255481?
110
Calculate the remainder when 7059483 is divided by 137.
10
What is the remainder when 7489831 is divided by 1497956?
51
Calculate the remainder when 117620 is divided by 256.
116
Calculate the remainder when 1738697 is divided by 504.
401
What is the remainder when 1368584 is divided by 255?
254
Calculate the remainder when 30127 is divided by 1544.
791
What is the remainder when 5273813 is divided by 169?
168
What is the remainder when 2119415 is divided by 107?
66
What is the remainder when 4766572 is divided by 250872?
4
Calculate the remainder when 278452 is divided by 146.
30
What is the remainder when 806543 is divided by 50402?
111
What is the remainder when 446398009 is divided by 2605?
2604
Calculate the remainder when 7916845 is divided by 12936.
13
Calculate the remainder when 5485717 is divided by 85713.
85
Calculate the remainder when 36589380 is divided by 328.
324
What is the remainder when 314177 is divided by 20945?
2
Calculate the remainder when 30387806 is divided by 933.
929
What is the remainder when 214795 is divided by 1581?
1360
Calculate the remainder when 10335932 is divided by 107664.
188
Calculate the remainder when 22795518 is divided by 6476.
6474
Calculate the remainder when 4240668 is divided by 78528.
156
Calculate the remainder when 164948 is divided by 53278.
5114
What is the remainder when 87901 is divided by 2367?
322
What is the remainder when 130066 is divided by 64239?
1588
What is the remainder when 107195 is divided by 52?
23
Calculate the remainder when 8104342 is divided by 5.
2
What is the remainder when 